{"id":683,"date":"2018-05-02T16:23:41","date_gmt":"2018-05-02T16:23:41","guid":{"rendered":"http:\/\/bizos.virtuadream.fr\/?page_id=683"},"modified":"2018-05-02T16:23:41","modified_gmt":"2018-05-02T16:23:41","slug":"seances-photo","status":"publish","type":"page","link":"https:\/\/didierbizos.com\/fr_FR\/le-studio-14\/seances-photo\/","title":{"rendered":"S\u00e9ances Photo"},"content":{"rendered":"[vc_row type=\u00a0\u00bbfull_width_background\u00a0\u00bb full_screen_row_position=\u00a0\u00bbmiddle\u00a0\u00bb bg_color=\u00a0\u00bb#000000&Prime; scene_position=\u00a0\u00bbcenter\u00a0\u00bb text_color=\u00a0\u00bbdark\u00a0\u00bb text_align=\u00a0\u00bbleft\u00a0\u00bb top_padding=\u00a0\u00bb50&Prime; overlay_strength=\u00a0\u00bb0.3&Prime; shape_divider_position=\u00a0\u00bbbottom\u00a0\u00bb shape_type=\u00a0\u00bb\u00a0\u00bb][vc_column column_padding=\u00a0\u00bbno-extra-padding\u00a0\u00bb column_padding_position=\u00a0\u00bball\u00a0\u00bb background_color_opacity=\u00a0\u00bb1&Prime; background_hover_color_opacity=\u00a0\u00bb1&Prime; column_shadow=\u00a0\u00bbnone\u00a0\u00bb column_border_radius=\u00a0\u00bbnone\u00a0\u00bb width=\u00a0\u00bb1\/1&Prime; tablet_text_alignment=\u00a0\u00bbdefault\u00a0\u00bb phone_text_alignment=\u00a0\u00bbdefault\u00a0\u00bb column_border_width=\u00a0\u00bbnone\u00a0\u00bb column_border_style=\u00a0\u00bbsolid\u00a0\u00bb][vc_column_text]\n<p style=\"color: white;\" align=\"justify\">Photographe professionnel, sp\u00e9cialiste du portrait (membre de la team Hartcourt) , je dispose d\u2019un studio de 120m2 totalement \u00e9quip\u00e9 \u00e0 Paris dans le 18i\u00e8me (Station MaxDormoy) pour vous recevoir lors de s\u00e9ances photo individuelles ou collectives ainsi que dans le cadre de stages photo organis\u00e9s par mes soins.<\/p>\n[\/vc_column_text][divider line_type=\u00a0\u00bbNo Line\u00a0\u00bb custom_height=\u00a0\u00bb20&Prime;][\/vc_column][\/vc_row][vc_row type=\u00a0\u00bbfull_width_background\u00a0\u00bb full_screen_row_position=\u00a0\u00bbmiddle\u00a0\u00bb bg_color=\u00a0\u00bb#000000&Prime; scene_position=\u00a0\u00bbcenter\u00a0\u00bb text_color=\u00a0\u00bbdark\u00a0\u00bb text_align=\u00a0\u00bbleft\u00a0\u00bb bottom_padding=\u00a0\u00bb0&Prime; overlay_strength=\u00a0\u00bb0.3&Prime; shape_divider_position=\u00a0\u00bbbottom\u00a0\u00bb shape_type=\u00a0\u00bb\u00a0\u00bb][vc_column column_padding=\u00a0\u00bbno-extra-padding\u00a0\u00bb column_padding_position=\u00a0\u00bball\u00a0\u00bb background_color_opacity=\u00a0\u00bb1&Prime; background_hover_color_opacity=\u00a0\u00bb1&Prime; column_shadow=\u00a0\u00bbnone\u00a0\u00bb column_border_radius=\u00a0\u00bbnone\u00a0\u00bb width=\u00a0\u00bb1\/2&Prime; tablet_text_alignment=\u00a0\u00bbdefault\u00a0\u00bb phone_text_alignment=\u00a0\u00bbdefault\u00a0\u00bb column_border_width=\u00a0\u00bbnone\u00a0\u00bb column_border_style=\u00a0\u00bbsolid\u00a0\u00bb][heading]\n<h4><span style=\"color: #32b7ff;\">SEANCES PHOTO<\/span><\/h4>\n[\/heading][vc_column_text]\n<p style=\"color: white;\" align=\"justify\">La dur\u00e9e de la s\u00e9ance, individuelle ou en groupe, varie entre une heure et une heure et demi, hors temps de maquillage.<br \/>\nLes services d\u2019une maquilleuse professionnelle sont inclus dans le tarif annonc\u00e9. Dans le cas de nus, je fais intervenir des personnes sp\u00e9cialis\u00e9es dans le maquillage du corps.<br \/>\nJe propose diff\u00e9rentes ambiances et diff\u00e9rent types de portrait studio, en couleur ou en noir et blanc : portraits de familles, de couple, femmes enceintes, photos de book d\u2019artiste.<br \/>\nVous pourrez me dire ce que vous souhaitez lors de la prise de rendez-vous mais il est important de savoir que le moment du shooting et la rencontre pourront faire \u00e9voluer l\u2019id\u00e9e de d\u00e9part, avec votre accord bien s\u00fbr !<br \/>\nLa seule chose qui m\u2019importe est que vous preniez plaisir \u00e0 vivre cette s\u00e9ance et que le r\u00e9sultat soit \u00e0 la hauteur de vos attentes !<\/p>\n[\/vc_column_text][divider line_type=\u00a0\u00bbNo Line\u00a0\u00bb custom_height=\u00a0\u00bb20&Prime;][heading]\n<h4><span style=\"color: #32b7ff;\">TARIFS<\/span><\/h4>\n[\/heading][vc_column_text]\n<p style=\"color: white;\" align=\"justify\">\u2022 Le tarif d\u2019une s\u00e9ance de portrait individuel en studio est \u00e0 1200 \u20ac : inclut le Make-up Artist, la pr\u00e9sence un Assistant &#8211; Post Production num\u00e9rique.<br \/>\nPhoto en haute d\u00e9finition et libre de droits<br \/>\nTirage 24&#215;30<br \/>\nPhoto suppl\u00e9mentaire : 300 euros<br \/>\n\u2022 Le tarif d\u2019une photo de couple en studio est \u00e0 1500 \u20ac : inclut le Make-up Artist, la pr\u00e9sence un Assistant &#8211; Post Production num\u00e9rique<br \/>\nPhoto en haute d\u00e9finition et libre de droits<br \/>\nTirage 24&#215;30<br \/>\nPersonne suppl\u00e9mentaire : 300 euros<br \/>\nPhoto suppl\u00e9mentaire : 300 euros<\/p>\n[\/vc_column_text][\/vc_column][vc_column column_padding=\u00a0\u00bbno-extra-padding\u00a0\u00bb column_padding_position=\u00a0\u00bball\u00a0\u00bb background_color_opacity=\u00a0\u00bb1&Prime; background_hover_color_opacity=\u00a0\u00bb1&Prime; column_shadow=\u00a0\u00bbnone\u00a0\u00bb column_border_radius=\u00a0\u00bbnone\u00a0\u00bb width=\u00a0\u00bb1\/2&Prime; tablet_text_alignment=\u00a0\u00bbdefault\u00a0\u00bb phone_text_alignment=\u00a0\u00bbdefault\u00a0\u00bb column_border_width=\u00a0\u00bbnone\u00a0\u00bb column_border_style=\u00a0\u00bbsolid\u00a0\u00bb][divider line_type=\u00a0\u00bbNo Line\u00a0\u00bb custom_height=\u00a0\u00bb73&Prime;][image_with_animation image_url=\u00a0\u00bb696&Prime; alignment=\u00a0\u00bbright\u00a0\u00bb animation=\u00a0\u00bbFade In\u00a0\u00bb img_link_large=\u00a0\u00bbyes\u00a0\u00bb border_radius=\u00a0\u00bbnone\u00a0\u00bb box_shadow=\u00a0\u00bbnone\u00a0\u00bb max_width=\u00a0\u00bb100%\u00a0\u00bb][divider line_type=\u00a0\u00bbNo Line\u00a0\u00bb custom_height=\u00a0\u00bb20&Prime;][heading]\n<h4><span style=\"color: #32b7ff;\">DEMANDE DE DEVIS<\/span><\/h4>\n[\/heading][vc_column_text][quform id=\u00a0\u00bb1&Prime; name=\u00a0\u00bbDevis\u00a0\u00bb][\/vc_column_text][\/vc_column][\/vc_row]\n","protected":false},"excerpt":{"rendered":"<p>[vc_row type=\u00a0\u00bbfull_width_background\u00a0\u00bb full_screen_row_position=\u00a0\u00bbmiddle\u00a0\u00bb bg_color=\u00a0\u00bb#000000&Prime; scene_position=\u00a0\u00bbcenter\u00a0\u00bb text_color=\u00a0\u00bbdark\u00a0\u00bb text_align=\u00a0\u00bbleft\u00a0\u00bb top_padding=\u00a0\u00bb50&Prime; overlay_strength=\u00a0\u00bb0.3&Prime; shape_divider_position=\u00a0\u00bbbottom\u00a0\u00bb shape_type=\u00a0\u00bb\u00a0\u00bb][vc_column column_padding=\u00a0\u00bbno-extra-padding\u00a0\u00bb column_padding_position=\u00a0\u00bball\u00a0\u00bb background_color_opacity=\u00a0\u00bb1&Prime; background_hover_color_opacity=\u00a0\u00bb1&Prime; column_shadow=\u00a0\u00bbnone\u00a0\u00bb column_border_radius=\u00a0\u00bbnone\u00a0\u00bb width=\u00a0\u00bb1\/1&Prime; tablet_text_alignment=\u00a0\u00bbdefault\u00a0\u00bb phone_text_alignment=\u00a0\u00bbdefault\u00a0\u00bb column_border_width=\u00a0\u00bbnone\u00a0\u00bb column_border_style=\u00a0\u00bbsolid\u00a0\u00bb][vc_column_text] Photographe professionnel, sp\u00e9cialiste du portrait (membre de la&#8230;<\/p>\n","protected":false},"author":1,"featured_media":0,"parent":734,"menu_order":0,"comment_status":"closed","ping_status":"closed","template":"","meta":{"footnotes":""},"_links":{"self":[{"href":"https:\/\/didierbizos.com\/fr_FR\/wp-json\/wp\/v2\/pages\/683"}],"collection":[{"href":"https:\/\/didierbizos.com\/fr_FR\/wp-json\/wp\/v2\/pages"}],"about":[{"href":"https:\/\/didierbizos.com\/fr_FR\/wp-json\/wp\/v2\/types\/page"}],"author":[{"embeddable":true,"href":"https:\/\/didierbizos.com\/fr_FR\/wp-json\/wp\/v2\/users\/1"}],"replies":[{"embeddable":true,"href":"https:\/\/didierbizos.com\/fr_FR\/wp-json\/wp\/v2\/comments?post=683"}],"version-history":[{"count":0,"href":"https:\/\/didierbizos.com\/fr_FR\/wp-json\/wp\/v2\/pages\/683\/revisions"}],"up":[{"embeddable":true,"href":"https:\/\/didierbizos.com\/fr_FR\/wp-json\/wp\/v2\/pages\/734"}],"wp:attachment":[{"href":"https:\/\/didierbizos.com\/fr_FR\/wp-json\/wp\/v2\/media?parent=683"}],"curies":[{"name":"wp","href":"https:\/\/api.w.org\/{rel}","templated":true}]}}

Séances Photo

[vc_row type= »full_width_background » full_screen_row_position= »middle » bg_color= »#000000&Prime; scene_position= »center » text_color= »dark » text_align= »left » top_padding= »50&Prime; overlay_strength= »0.3&Prime; shape_divider_position= »bottom » shape_type= » »][vc_column column_padding= »no-extra-padding » column_padding_position= »all » background_color_opacity= »1&Prime; background_hover_color_opacity= »1&Prime; column_shadow= »none » column_border_radius= »none » width= »1/1&Prime; tablet_text_alignment= »default » phone_text_alignment= »default » column_border_width= »none » column_border_style= »solid »][vc_column_text]
<p style="color: white;" align="justify">Photographe professionnel, spécialiste du portrait (membre de la team Hartcourt) , je dispose d’un studio de 120m2 totalement équipé à Paris dans le 18ième (Station MaxDormoy) pour vous recevoir lors de séances photo individuelles ou collectives ainsi que dans le cadre de stages photo organisés par mes soins.</p>
[/vc_column_text][divider line_type= »No Line » custom_height= »20&Prime;][/vc_column][/vc_row][vc_row type= »full_width_background » full_screen_row_position= »middle » bg_color= »#000000&Prime; scene_position= »center » text_color= »dark » text_align= »left » bottom_padding= »0&Prime; overlay_strength= »0.3&Prime; shape_divider_position= »bottom » shape_type= » »][vc_column column_padding= »no-extra-padding » column_padding_position= »all » background_color_opacity= »1&Prime; background_hover_color_opacity= »1&Prime; column_shadow= »none » column_border_radius= »none » width= »1/2&Prime; tablet_text_alignment= »default » phone_text_alignment= »default » column_border_width= »none » column_border_style= »solid »][heading]
<h4><span style="color: #32b7ff;">SEANCES PHOTO</span></h4>
[/heading][vc_column_text]
<p style="color: white;" align="justify">La durée de la séance, individuelle ou en groupe, varie entre une heure et une heure et demi, hors temps de maquillage.<br />
Les services d’une maquilleuse professionnelle sont inclus dans le tarif annoncé. Dans le cas de nus, je fais intervenir des personnes spécialisées dans le maquillage du corps.<br />
Je propose différentes ambiances et différent types de portrait studio, en couleur ou en noir et blanc : portraits de familles, de couple, femmes enceintes, photos de book d’artiste.<br />
Vous pourrez me dire ce que vous souhaitez lors de la prise de rendez-vous mais il est important de savoir que le moment du shooting et la rencontre pourront faire évoluer l’idée de départ, avec votre accord bien sûr !<br />
La seule chose qui m’importe est que vous preniez plaisir à vivre cette séance et que le résultat soit à la hauteur de vos attentes !</p>
[/vc_column_text][divider line_type= »No Line » custom_height= »20&Prime;][heading]
<h4><span style="color: #32b7ff;">TARIFS</span></h4>
[/heading][vc_column_text]
<p style="color: white;" align="justify">• Le tarif d’une séance de portrait individuel en studio est à 1200 € : inclut le Make-up Artist, la présence un Assistant &#8211; Post Production numérique.<br />
Photo en haute définition et libre de droits<br />
Tirage 24&#215;30<br />
Photo supplémentaire : 300 euros<br />
• Le tarif d’une photo de couple en studio est à 1500 € : inclut le Make-up Artist, la présence un Assistant &#8211; Post Production numérique<br />
Photo en haute définition et libre de droits<br />
Tirage 24&#215;30<br />
Personne supplémentaire : 300 euros<br />
Photo supplémentaire : 300 euros</p>
[/vc_column_text][/vc_column][vc_column column_padding= »no-extra-padding » column_padding_position= »all » background_color_opacity= »1&Prime; background_hover_color_opacity= »1&Prime; column_shadow= »none » column_border_radius= »none » width= »1/2&Prime; tablet_text_alignment= »default » phone_text_alignment= »default » column_border_width= »none » column_border_style= »solid »][divider line_type= »No Line » custom_height= »73&Prime;][image_with_animation image_url= »696&Prime; alignment= »right » animation= »Fade In » img_link_large= »yes » border_radius= »none » box_shadow= »none » max_width= »100% »][divider line_type= »No Line » custom_height= »20&Prime;][heading]
<h4><span style="color: #32b7ff;">DEMANDE DE DEVIS</span></h4>
[/heading][vc_column_text][quform id= »1&Prime; name= »Devis »][/vc_column_text][/vc_column][/vc_row]

<p>[vc_row type= »full_width_background » full_screen_row_position= »middle » bg_color= »#000000&Prime; scene_position= »center » text_color= »dark » text_align= »left » top_padding= »50&Prime; overlay_strength= »0.3&Prime; shape_divider_position= »bottom » shape_type= » »][vc_column column_padding= »no-extra-padding » column_padding_position= »all » background_color_opacity= »1&Prime; background_hover_color_opacity= »1&Prime; column_shadow= »none » column_border_radius= »none » width= »1/1&Prime; tablet_text_alignment= »default » phone_text_alignment= »default » column_border_width= »none » column_border_style= »solid »][vc_column_text] Photographe professionnel, spécialiste du portrait (membre de la&#8230;</p>
