{"id":9372,"date":"2018-09-11T10:07:35","date_gmt":"2018-09-11T10:07:35","guid":{"rendered":"https:\/\/didierbizos.com\/?page_id=9372"},"modified":"2018-10-22T18:43:55","modified_gmt":"2018-10-22T18:43:55","slug":"bio","status":"publish","type":"page","link":"https:\/\/didierbizos.com\/fr_FR\/bio\/","title":{"rendered":"BIO"},"content":{"rendered":"[vc_row type=\u00a0\u00bbin_container\u00a0\u00bb full_screen_row_position=\u00a0\u00bbmiddle\u00a0\u00bb scene_position=\u00a0\u00bbcenter\u00a0\u00bb text_color=\u00a0\u00bbdark\u00a0\u00bb text_align=\u00a0\u00bbleft\u00a0\u00bb overlay_strength=\u00a0\u00bb0.3&Prime; shape_divider_position=\u00a0\u00bbbottom\u00a0\u00bb][vc_column column_padding=\u00a0\u00bbno-extra-padding\u00a0\u00bb column_padding_position=\u00a0\u00bball\u00a0\u00bb background_color_opacity=\u00a0\u00bb1&Prime; background_hover_color_opacity=\u00a0\u00bb1&Prime; column_shadow=\u00a0\u00bbnone\u00a0\u00bb column_border_radius=\u00a0\u00bbnone\u00a0\u00bb width=\u00a0\u00bb1\/1&Prime; tablet_text_alignment=\u00a0\u00bbdefault\u00a0\u00bb phone_text_alignment=\u00a0\u00bbdefault\u00a0\u00bb column_border_width=\u00a0\u00bbnone\u00a0\u00bb column_border_style=\u00a0\u00bbsolid\u00a0\u00bb][vc_column_text]\n<p style=\"text-align: center;\"><em>\u00ab\u00a0LES IMAGES DE DIDIER BIZOS NAISSENT D\u2019UNE RELATION FORTE QU\u2019IL ETABLIT EN CINQ MINUTES COMME EN DEUX HEURES. METHODE QU\u2019IL APPLIQUE AUSSI A SON TRAVAIL PERSONNEL, GAI ET ONIRIQUE.\u00a0\u00bb<\/em><\/p>\n<p style=\"text-align: center;\"><strong><em>Nadia Ali Belhadj\u00a0 (extrait de l&rsquo;article \u00a0\u00bb Didier Bizos, portraitiste de Lumi\u00e8re\u00a0\u00bb)<\/em><\/strong><\/p>\n[\/vc_column_text][vc_column_text]<img decoding=\"async\" class=\"alignleft size-medium wp-image-9425\" src=\"https:\/\/didierbizos.com\/wp-content\/uploads\/2018\/10\/THE-DID-WEB-274x300.png\" alt=\"\" width=\"274\" height=\"300\" srcset=\"https:\/\/didierbizos.com\/wp-content\/uploads\/2018\/10\/THE-DID-WEB-274x300.png 274w, https:\/\/didierbizos.com\/wp-content\/uploads\/2018\/10\/THE-DID-WEB.png 737w\" sizes=\"(max-width: 274px) 100vw, 274px\" \/><\/p>\n<p align=\"justify\">Photographe professionnel pour les <a href=\"https:\/\/didierbizos.com\/fr_FR\/portfolios\/harcourt\/\">Studios Harcourt<\/a> \u00e0 Paris et Russell Rutherford \u00e0 Los Angeles, formateur et consultant pour les plus grandes marques du monde de la photographie, Didier Bizos vous accueille dans son Studio Parisien pour des s\u00e9ances <a href=\"https:\/\/didierbizos.com\/fr_FR\/portfolios\/familles\/familles\/\">individuelles ou collectives<\/a>.<\/p>\n<p align=\"justify\">Photographe Photographe portraitiste de nombreuses c\u00e9l\u00e9brit\u00e9s ,Didier Bizos met son talent \u00e0 la disposition de familles, de dirigeants ou de projets <a href=\"https:\/\/didierbizos.com\/fr_FR\/portfolios\/projets\/isadora\/\">artistiques personnels<\/a>.<br \/>\nDidier Bizos met son exp\u00e9rience au service d\u2019<a href=\"https:\/\/didierbizos.com\/fr_FR\/portfolios\/evenements\/soiree-dexception\/\">\u00e9v\u00e8nements prestigieux<\/a> pour fabriquer des images \u00e0 la hauteur de leur port\u00e9e et immortaliser l\u2019instant.<\/p>\n[\/vc_column_text][divider line_type=\u00a0\u00bbNo Line\u00a0\u00bb custom_height=\u00a0\u00bb20px\u00a0\u00bb][\/vc_column][\/vc_row][vc_row type=\u00a0\u00bbin_container\u00a0\u00bb full_screen_row_position=\u00a0\u00bbmiddle\u00a0\u00bb scene_position=\u00a0\u00bbcenter\u00a0\u00bb text_color=\u00a0\u00bbdark\u00a0\u00bb text_align=\u00a0\u00bbleft\u00a0\u00bb overlay_strength=\u00a0\u00bb0.3&Prime; shape_divider_position=\u00a0\u00bbbottom\u00a0\u00bb][vc_column column_padding=\u00a0\u00bbno-extra-padding\u00a0\u00bb column_padding_position=\u00a0\u00bball\u00a0\u00bb background_color_opacity=\u00a0\u00bb1&Prime; background_hover_color_opacity=\u00a0\u00bb1&Prime; column_shadow=\u00a0\u00bbnone\u00a0\u00bb column_border_radius=\u00a0\u00bbnone\u00a0\u00bb width=\u00a0\u00bb1\/1&Prime; tablet_text_alignment=\u00a0\u00bbdefault\u00a0\u00bb phone_text_alignment=\u00a0\u00bbdefault\u00a0\u00bb column_border_width=\u00a0\u00bbnone\u00a0\u00bb column_border_style=\u00a0\u00bbsolid\u00a0\u00bb][vc_column_text]\n[\/vc_column_text][\/vc_column][\/vc_row]\n","protected":false},"excerpt":{"rendered":"<p>[vc_row type=\u00a0\u00bbin_container\u00a0\u00bb full_screen_row_position=\u00a0\u00bbmiddle\u00a0\u00bb scene_position=\u00a0\u00bbcenter\u00a0\u00bb text_color=\u00a0\u00bbdark\u00a0\u00bb text_align=\u00a0\u00bbleft\u00a0\u00bb overlay_strength=\u00a0\u00bb0.3&Prime; shape_divider_position=\u00a0\u00bbbottom\u00a0\u00bb][vc_column column_padding=\u00a0\u00bbno-extra-padding\u00a0\u00bb column_padding_position=\u00a0\u00bball&#8230;<\/p>\n","protected":false},"author":1,"featured_media":0,"parent":0,"menu_order":0,"comment_status":"closed","ping_status":"closed","template":"","meta":{"footnotes":""},"_links":{"self":[{"href":"https:\/\/didierbizos.com\/fr_FR\/wp-json\/wp\/v2\/pages\/9372"}],"collection":[{"href":"https:\/\/didierbizos.com\/fr_FR\/wp-json\/wp\/v2\/pages"}],"about":[{"href":"https:\/\/didierbizos.com\/fr_FR\/wp-json\/wp\/v2\/types\/page"}],"author":[{"embeddable":true,"href":"https:\/\/didierbizos.com\/fr_FR\/wp-json\/wp\/v2\/users\/1"}],"replies":[{"embeddable":true,"href":"https:\/\/didierbizos.com\/fr_FR\/wp-json\/wp\/v2\/comments?post=9372"}],"version-history":[{"count":0,"href":"https:\/\/didierbizos.com\/fr_FR\/wp-json\/wp\/v2\/pages\/9372\/revisions"}],"wp:attachment":[{"href":"https:\/\/didierbizos.com\/fr_FR\/wp-json\/wp\/v2\/media?parent=9372"}],"curies":[{"name":"wp","href":"https:\/\/api.w.org\/{rel}","templated":true}]}}

[vc_row type= »in_container » full_screen_row_position= »middle » scene_position= »center » text_color= »dark » text_align= »left » overlay_strength= »0.3&Prime; shape_divider_position= »bottom »][vc_column column_padding= »no-extra-padding » column_padding_position= »all » background_color_opacity= »1&Prime; background_hover_color_opacity= »1&Prime; column_shadow= »none » column_border_radius= »none » width= »1/1&Prime; tablet_text_alignment= »default » phone_text_alignment= »default » column_border_width= »none » column_border_style= »solid »][vc_column_text]
<p style="text-align: center;"><em>« LES IMAGES DE DIDIER BIZOS NAISSENT D’UNE RELATION FORTE QU’IL ETABLIT EN CINQ MINUTES COMME EN DEUX HEURES. METHODE QU’IL APPLIQUE AUSSI A SON TRAVAIL PERSONNEL, GAI ET ONIRIQUE. »</em></p>
<p style="text-align: center;"><strong><em>Nadia Ali Belhadj  (extrait de l&rsquo;article  » Didier Bizos, portraitiste de Lumière »)</em></strong></p>
[/vc_column_text][vc_column_text]<img decoding="async" class="alignleft size-medium wp-image-9425" src="https://didierbizos.com/wp-content/uploads/2018/10/THE-DID-WEB-274x300.png" alt="" width="274" height="300" srcset="https://didierbizos.com/wp-content/uploads/2018/10/THE-DID-WEB-274x300.png 274w, https://didierbizos.com/wp-content/uploads/2018/10/THE-DID-WEB.png 737w" sizes="(max-width: 274px) 100vw, 274px" /></p>
<p align="justify">Photographe professionnel pour les <a href="https://didierbizos.com/fr_FR/portfolios/harcourt/">Studios Harcourt</a> à Paris et Russell Rutherford à Los Angeles, formateur et consultant pour les plus grandes marques du monde de la photographie, Didier Bizos vous accueille dans son Studio Parisien pour des séances <a href="https://didierbizos.com/fr_FR/portfolios/familles/familles/">individuelles ou collectives</a>.</p>
<p align="justify">Photographe Photographe portraitiste de nombreuses célébrités ,Didier Bizos met son talent à la disposition de familles, de dirigeants ou de projets <a href="https://didierbizos.com/fr_FR/portfolios/projets/isadora/">artistiques personnels</a>.<br />
Didier Bizos met son expérience au service d’<a href="https://didierbizos.com/fr_FR/portfolios/evenements/soiree-dexception/">évènements prestigieux</a> pour fabriquer des images à la hauteur de leur portée et immortaliser l’instant.</p>
[/vc_column_text][divider line_type= »No Line » custom_height= »20px »][/vc_column][/vc_row][vc_row type= »in_container » full_screen_row_position= »middle » scene_position= »center » text_color= »dark » text_align= »left » overlay_strength= »0.3&Prime; shape_divider_position= »bottom »][vc_column column_padding= »no-extra-padding » column_padding_position= »all » background_color_opacity= »1&Prime; background_hover_color_opacity= »1&Prime; column_shadow= »none » column_border_radius= »none » width= »1/1&Prime; tablet_text_alignment= »default » phone_text_alignment= »default » column_border_width= »none » column_border_style= »solid »][vc_column_text]
[/vc_column_text][/vc_column][/vc_row]
